{"id":388,"date":"2023-12-29T10:40:53","date_gmt":"2023-12-29T15:40:53","guid":{"rendered":"https:\/\/redtempoltda.com\/redtempoltda\/?post_type=product&#038;p=388"},"modified":"2023-12-29T10:46:15","modified_gmt":"2023-12-29T15:46:15","slug":"personal-de-aseo","status":"publish","type":"product","link":"https:\/\/redtempoltda.com\/redtempoltda\/producto\/personal-de-aseo\/","title":{"rendered":"Personal de aseo"},"content":{"rendered":"<p><a href=\"https:\/\/redtempoltda.com\/redtempoltda\/?attachment_id=389\" rel=\"attachment wp-att-389\"><img loading=\"lazy\" decoding=\"async\" class=\"alignnone wp-image-389 size-full\" src=\"https:\/\/redtempoltda.com\/redtempoltda\/wp-content\/uploads\/2023\/12\/a1.png\" alt=\"\" width=\"986\" height=\"828\" srcset=\"https:\/\/redtempoltda.com\/redtempoltda\/wp-content\/uploads\/2023\/12\/a1.png 986w, https:\/\/redtempoltda.com\/redtempoltda\/wp-content\/uploads\/2023\/12\/a1-300x252.png 300w, https:\/\/redtempoltda.com\/redtempoltda\/wp-content\/uploads\/2023\/12\/a1-768x645.png 768w, https:\/\/redtempoltda.com\/redtempoltda\/wp-content\/uploads\/2023\/12\/a1-174x146.png 174w, https:\/\/redtempoltda.com\/redtempoltda\/wp-content\/uploads\/2023\/12\/a1-50x42.png 50w, https:\/\/redtempoltda.com\/redtempoltda\/wp-content\/uploads\/2023\/12\/a1-89x75.png 89w, https:\/\/redtempoltda.com\/redtempoltda\/wp-content\/uploads\/2023\/12\/a1-800x672.png 800w\" sizes=\"auto, (max-width: 986px) 100vw, 986px\" \/><\/a> <a href=\"https:\/\/redtempoltda.com\/redtempoltda\/?attachment_id=390\" rel=\"attachment wp-att-390\"><img loading=\"lazy\" decoding=\"async\" class=\"alignnone wp-image-390 size-full\" src=\"https:\/\/redtempoltda.com\/redtempoltda\/wp-content\/uploads\/2023\/12\/a2.png\" alt=\"\" width=\"990\" height=\"760\" srcset=\"https:\/\/redtempoltda.com\/redtempoltda\/wp-content\/uploads\/2023\/12\/a2.png 990w, https:\/\/redtempoltda.com\/redtempoltda\/wp-content\/uploads\/2023\/12\/a2-300x230.png 300w, https:\/\/redtempoltda.com\/redtempoltda\/wp-content\/uploads\/2023\/12\/a2-768x590.png 768w, https:\/\/redtempoltda.com\/redtempoltda\/wp-content\/uploads\/2023\/12\/a2-190x146.png 190w, https:\/\/redtempoltda.com\/redtempoltda\/wp-content\/uploads\/2023\/12\/a2-50x38.png 50w, https:\/\/redtempoltda.com\/redtempoltda\/wp-content\/uploads\/2023\/12\/a2-98x75.png 98w, https:\/\/redtempoltda.com\/redtempoltda\/wp-content\/uploads\/2023\/12\/a2-800x614.png 800w\" sizes=\"auto, (max-width: 990px) 100vw, 990px\" \/><\/a> <a href=\"https:\/\/redtempoltda.com\/redtempoltda\/?attachment_id=391\" rel=\"attachment wp-att-391\"><img loading=\"lazy\" decoding=\"async\" class=\"alignnone wp-image-391 \" src=\"https:\/\/redtempoltda.com\/redtempoltda\/wp-content\/uploads\/2023\/12\/a4.png\" alt=\"\" width=\"728\" height=\"596\" srcset=\"https:\/\/redtempoltda.com\/redtempoltda\/wp-content\/uploads\/2023\/12\/a4.png 606w, https:\/\/redtempoltda.com\/redtempoltda\/wp-content\/uploads\/2023\/12\/a4-300x246.png 300w, https:\/\/redtempoltda.com\/redtempoltda\/wp-content\/uploads\/2023\/12\/a4-178x146.png 178w, https:\/\/redtempoltda.com\/redtempoltda\/wp-content\/uploads\/2023\/12\/a4-50x41.png 50w, https:\/\/redtempoltda.com\/redtempoltda\/wp-content\/uploads\/2023\/12\/a4-92x75.png 92w\" sizes=\"auto, (max-width: 728px) 100vw, 728px\" \/><\/a> <a href=\"https:\/\/redtempoltda.com\/redtempoltda\/?attachment_id=392\" rel=\"attachment wp-att-392\"><img loading=\"lazy\" decoding=\"async\" class=\"alignnone wp-image-392 \" src=\"https:\/\/redtempoltda.com\/redtempoltda\/wp-content\/uploads\/2023\/12\/a5.png\" alt=\"\" width=\"711\" height=\"590\" srcset=\"https:\/\/redtempoltda.com\/redtempoltda\/wp-content\/uploads\/2023\/12\/a5.png 595w, https:\/\/redtempoltda.com\/redtempoltda\/wp-content\/uploads\/2023\/12\/a5-300x249.png 300w, https:\/\/redtempoltda.com\/redtempoltda\/wp-content\/uploads\/2023\/12\/a5-176x146.png 176w, https:\/\/redtempoltda.com\/redtempoltda\/wp-content\/uploads\/2023\/12\/a5-50x42.png 50w, https:\/\/redtempoltda.com\/redtempoltda\/wp-content\/uploads\/2023\/12\/a5-90x75.png 90w\" sizes=\"auto, (max-width: 711px) 100vw, 711px\" \/><\/a> <a href=\"https:\/\/redtempoltda.com\/redtempoltda\/?attachment_id=393\" rel=\"attachment wp-att-393\"><img loading=\"lazy\" decoding=\"async\" class=\"alignnone wp-image-393 \" src=\"https:\/\/redtempoltda.com\/redtempoltda\/wp-content\/uploads\/2023\/12\/a6.png\" alt=\"\" width=\"722\" height=\"500\" srcset=\"https:\/\/redtempoltda.com\/redtempoltda\/wp-content\/uploads\/2023\/12\/a6.png 612w, https:\/\/redtempoltda.com\/redtempoltda\/wp-content\/uploads\/2023\/12\/a6-300x208.png 300w, https:\/\/redtempoltda.com\/redtempoltda\/wp-content\/uploads\/2023\/12\/a6-211x146.png 211w, https:\/\/redtempoltda.com\/redtempoltda\/wp-content\/uploads\/2023\/12\/a6-50x35.png 50w, https:\/\/redtempoltda.com\/redtempoltda\/wp-content\/uploads\/2023\/12\/a6-108x75.png 108w\" sizes=\"auto, (max-width: 722px) 100vw, 722px\" \/><\/a><\/p>\n","protected":false},"excerpt":{"rendered":"<p>Redtempo Ltda. ofrece servicios integrales de reclutamiento de personal calificado, destacando por su flexibilidad en la duraci\u00f3n de contratos, cumpliendo con est\u00e1ndares de calidad y legislaci\u00f3n colombiana.<\/p>\n<p>Nos encargamos de todos los aspectos legales y administrativos, brindando respaldo jur\u00eddico para evitar gastos innecesarios. Con enfoque en la contrataci\u00f3n, selecci\u00f3n y liquidaci\u00f3n de pagos, permitimos que te centres en el crecimiento de tu empresa. Adem\u00e1s, proporcionamos servicios de aseo para oficinas, optimizando tiempo y recursos con planes personalizados y un control sistem\u00e1tico.<\/p>\n","protected":false},"featured_media":89,"template":"","meta":[],"product_cat":[],"product_tag":[],"class_list":{"0":"post-388","1":"product","2":"type-product","3":"status-publish","4":"has-post-thumbnail","7":"first","8":"instock","9":"shipping-taxable","10":"purchasable","11":"product-type-variable"},"_links":{"self":[{"href":"https:\/\/redtempoltda.com\/redtempoltda\/wp-json\/wp\/v2\/product\/388","targetHints":{"allow":["GET"]}}],"collection":[{"href":"https:\/\/redtempoltda.com\/redtempoltda\/wp-json\/wp\/v2\/product"}],"about":[{"href":"https:\/\/redtempoltda.com\/redtempoltda\/wp-json\/wp\/v2\/types\/product"}],"wp:featuredmedia":[{"embeddable":true,"href":"https:\/\/redtempoltda.com\/redtempoltda\/wp-json\/wp\/v2\/media\/89"}],"wp:attachment":[{"href":"https:\/\/redtempoltda.com\/redtempoltda\/wp-json\/wp\/v2\/media?parent=388"}],"wp:term":[{"taxonomy":"product_cat","embeddable":true,"href":"https:\/\/redtempoltda.com\/redtempoltda\/wp-json\/wp\/v2\/product_cat?post=388"},{"taxonomy":"product_tag","embeddable":true,"href":"https:\/\/redtempoltda.com\/redtempoltda\/wp-json\/wp\/v2\/product_tag?post=388"}],"curies":[{"name":"wp","href":"https:\/\/api.w.org\/{rel}","templated":true}]}}